ive of -5*y**2/2 - 11*y + 8. Let x be v(-4). Let c be 2 + 79 + -1 + 1. Calculate the highest common factor of x and c.
9
Let i = 1137 - 953. What is the highest common factor of 161 and i?
23
Let o be ((-52)/(-10))/((-18)/(-45)). Let c(r) = r**3 + 7*r**2 + 5*r - 2. Suppose 2*j + 17 = 9. Let q be c(j). What is the highest common divisor of o and q?
13
Suppose -836 = 13*p - 32*p. Calculate the highest common factor of 506 and p.
22
Let a = -893 + 1201. What is the greatest common divisor of a and 33?
11
Let a(i) = 9*i - 7. Let h be a(-5). Let m = -76 - h. Let z = -5 - m. Calculate the greatest common divisor of 19 and z.
19
Let v be (-180)/(-4) - (2 + -1). Let y = v + 46. Let w be 24/5*y/12. What is the greatest common factor of 90 and w?
18
Let r be (-7)/(-2)*(-24)/(-21). Suppose -5*k + 166 = -x - 78, -4 = -r*x. What is the highest common factor of 7 and k?
7
Let a(v) = v - 1. Let n be a(15). Let i(o) = o**3 - 14*o**2 + o + 15. Let t be i(n). Calculate the greatest common factor of 116 and t.
29
Suppose 7*v - 138 = -16*v. Calculate the highest common divisor of 66 and v.
6
Let v(h) = -h**2 - 54*h + 11. Let q be v(-9). What is the greatest common factor of q and 52?
52
Suppose -52 = -3*o - 16. Suppose 0 = 5*m - 2*n - 40, n - 25 = -5*m. Calculate the greatest common divisor of o and m.
6
Suppose 0 = -l, -4*q + q = 5*l - 135. Let c = 117 + -72. What is the highest common divisor of c and q?
45
Let t = 361 - 209. Suppose 5*i - 85 = 5*f, -2*i + 27 = -4*f - 11. Let c = i - -4. Calculate the highest common divisor of t and c.
19
Let v be (160/3)/(52/78). Calculate the highest common divisor of 320 and v.
80
Suppose 3*b = 56 + 136. What is the greatest common factor of b and 8?
8
Suppose -28*h + 194 + 730 = 0. Calculate the highest common divisor of h and 187.
11
Let r be (1 + -2)*(3 + -27). Let k be ((-33)/22)/((-2)/r). What is the greatest common factor of k and 126?
18
Let m(t) be the third derivative of -t**4/6 - 2*t**3 + 11*t**2. Let k be m(-9). Calculate the greatest common factor of 3 and k.
3
Suppose g + 12 = 2*g. Let o be ((-21)/g)/(2/8). Let k(w) = 2*w**2 + 3*w - 1. Let p be k(o). Calculate the greatest common factor of p and 19.
19
Let v = -5 + 8. Suppose -4*f = -v*f - 3. Suppose -88 = -5*x - 3*g, -f*g = 2*x - g - 36. What is the greatest common divisor of 153 and x?
17
Let h be (84/35*1)/(3/230). Calculate the greatest common divisor of h and 46.
46
Suppose 0 = 4*o + 21*o - 2400. Calculate the greatest common factor of o and 32.
32
Suppose 0 = -n + 3, 0*z - 332 = -4*z - 4*n. Suppose -6*o + 8*o - 10 = 0. Suppose -26 = o*v - 106. What is the highest common factor of v and z?
16
Let x(a) = a**2 - 46*a + 145. Let o be x(46). Calculate the greatest common factor of 232 and o.
29
Let v(n) be the second derivative of 4*n**3/3 - 3*n**2/2 - n. Let a be v(3). Suppose 0*z - 5*z = -35. Calculate the greatest common divisor of z and a.
7
Suppose 0 = 38*g - 95*g + 513. Calculate the greatest common divisor of g and 387.
9
Let u be (3/(-2))/(75/(-950)). Suppose 0 = -s - 67 + 316. Let g = s + -40. Calculate the highest common factor of g and u.
19
Let i be 2/9 - 0 - (-6822)/(-81). Let k = 114 - i. Calculate the greatest common divisor of 22 and k.
22
Let s(q) = -5*q - 38. Suppose 4*b + 0*f + 2*f + 42 = 0, 20 = -2*b - 2*f. Let x be s(b). What is the highest common factor of x and 136?
17
Let b(n) = -n**3 - 9*n**2 - 6*n + 8. Let i be b(-9). Let r = -30 + i. Let a = 394 - 386. What is the highest common divisor of a and r?
8
Suppose 5*b - 3*v = 470, -5*b = v - 454 + 4. Suppose 2*p - b = 117. Calculate the greatest common divisor of 13 and p.
13
Suppose 210 = 13*i + 67. Calculate the greatest common divisor of i and 176.
11
Suppose -4*j - 48 = -2*f, 3*j + 2*f + 36 = -0*f. Let u be j/(-2) - (9 + -5). What is the highest common factor of 22 and u?
2
Let o = -391 + 600. What is the greatest common factor of o and 33?
11
Let n(t) = -t**3 - 18*t**2 + 23*t + 78. Let k be n(-19). Calculate the highest common divisor of 60 and k.
2
Let a = -30 - -54. Suppose 35*s - 12 = 32*s. Suppose 3*v - 152 = 4*z, z = s*v + 3*z - 188. What is the highest common factor of v and a?
24
Suppose z - 56 = -12. Suppose 56*c - z = 52*c. What is the greatest common divisor of 1 and c?
1
Let d = 76 - 55. Calculate the greatest common factor of d and 735.
21
Let a = 108 + -107. Calculate the highest common factor of a and 46.
1
Let s(k) = k**3 + 48. Let n be s(0). Suppose -3*u + 12 = 0, 0*d + u - 260 = -4*d. Suppose -i + 3*i = d. What is the highest common factor of i and n?
16
Let n(o) = -40*o + 424. Let g be n(8). Calculate the highest common divisor of 468 and g.
52
Suppose 0 = -4*z - 7*f + 11*f - 8, 5*z - 30 = -5*f. Let g be 3 + -2 + 1 + 74. Let r = g - 54. What is the highest common factor of r and z?
2
Suppose 2*v - 3*u + 99 = 588, -5*u = -2*v + 495. Suppose r - 19 = 11. Calculate the highest common divisor of v and r.
30
Let a(c) = 5*c**2 + 6*c + 6. Let v be a(-2). Let b be (-26)/(-2)*-29 + 0. Let x be b/(-3) + (-2)/(-6). Calculate the highest common divisor of x and v.
14
Let o = 0 - -1. Let s be (-2)/(-4) + (-87)/(-6). Let g(x) = -4*x + 64. Let v be g(s). Calculate the greatest common factor of v and o.
1
Suppose 0 = 36*v - 37*v. Let d be (-1)/2*(v - 8). What is the greatest common factor of 20 and d?
4
Let c(f) be the third derivative of f**5/30 - 7*f**4/8 - 2*f**3 - 15*f**2. Let z be c(12). What is the highest common factor of z and 6?
6
Suppose 8*s = -t + 12*s + 803, 4*t - 3266 = -2*s. What is the highest common factor of 5 and t?
5
Let l(f) = f. Let d be l(0). Suppose d = -3*y - 13 + 88. What is the highest common factor of y and 200?
25
Let f be (-68)/(-153)*(-81)/(-2). Calculate the greatest common factor of 102 and f.
6
Let o be 161/(-5)*-2 - (-4)/(-10). Let k be 4 + -84*(-1 + -2). What is the greatest common factor of k and o?
64
Let f = 413 + -359. What is the greatest common divisor of 12 and f?
6
Suppose 5*t + 1695 = 5*r, -4*t + 666 = 2*r - 2*t. Calculate the greatest common divisor of 42 and r.
42
Let r = 1013 + -329. Suppose 0 = -4*x - 68 + r. Suppose x = 4*a - w - 329, 3*a - 4*w = 372. What is the highest common divisor of 15 and a?
15
Let r(j) = j + 34. Let o(b) = -14*b**2 - b - 1. Let l be o(-1). Let c be r(l). Suppose -25 = -7*k + 2*k. Calculate the greatest common factor of c and k.
5
Suppose 39 = -p + 2*x + 111, 0 = -p - 5*x + 65. Calculate the highest common factor of 70 and p.
70
Suppose -57 = 12*i - 21. Let h be (-12)/i + (3 - 1). What is the greatest common divisor of h and 36?
6
Let y = 363 + -319. What is the greatest common factor of 44 and y?
44
Let y = 426 + -296. Let q(d) = -241*d. Let u be q(-1). Suppose -5*l + 19 = -u. Calculate the greatest common divisor of y and l.
26
Let w(n) = 24*n - 36. Let a be w(3). Let j = a - -11. Calculate the highest common factor of 47 and j.
47
Let m be 267 - (0 + -4) - 5. Calculate the highest common factor of m and 14.
14
Suppose 2*g + 3*g - 1530 = 0. Let b = -26 + -180. Let o = b + g. Calculate the highest common divisor of 40 and o.
20
Suppose 5*h = q + 62, -4*h - 2*q = -4*q - 52. Let x be (-108)/(-6)*(-4)/(-6). Calculate the greatest common factor of h and x.
12
Let q = 197 + -171. What is the highest common divisor of q and 39?
13
Suppose 0 = 13*y - 9*y - 20. Suppose -y*c = 5*k - 75, -3*k - 35 = -6*k + 2*c. What is the greatest common divisor of k and 65?
13
Let v = -184 + 214. What is the highest common divisor of 150 and v?
30
Suppose 116*t = 122*t - 462. What is the greatest common divisor of 7 and t?
7
Suppose 580 = 107*w - 102*w. Calculate the highest common divisor of 4 and w.
4
Suppose -26 = -3*b + 73. Suppose -4*g = 2*l - 78, 2*g + l + b = 4*g. Calculate the highest common divisor of g and 45.
9
Suppose 0 = -2*j + 3*w - 10, -5*w + 121 = -5*j + 106. Calculate the highest common factor of 25 and j.
1
Let o = -964 - -1440. Calculate the highest common divisor of o and 272.
68
Let h = 557 - 543. Let i(y) = -y**3 + y + 2. Let k be i(0). What is the greatest common factor of h and k?
2
Let t be -4 + 6 + 13 + -1. Suppose 124 = 4*i + 4*n, 3*i + 4*n - 53 - 44 = 0. Let x be ((-56)/(-6))/(6/i). Calculate the highest common factor of t and x.
14
Let j be 6/(-15) + (-456)/(-15). Let l be (-292)/(-60) - (-4)/j. Let d 